ors of 837.
3, 31
List the prime factors of 975.
3, 5, 13
What are the prime factors of 48843?
3, 67
List the prime factors of 17690.
2, 5, 29, 61
List the prime factors of 45132.
2, 3, 3761
What are the prime factors of 2835?
3, 5, 7
List the prime factors of 868.
2, 7, 31
List the prime factors of 897.
3, 13, 23
List the prime factors of 97683.
3, 32561
What are the prime factors of 8803?
8803
List the prime factors of 9451.
13, 727
List the prime factors of 10045.
5, 7, 41
List the prime factors of 1865.
5, 373
What are the prime factors of 15088?
2, 23, 41
What are the prime factors of 62022?
2, 3, 10337
What are the prime factors of 70505?
5, 59, 239
What are the prime factors of 6088?
2, 761
What are the prime factors of 6564?
2, 3, 547
What are the prime factors of 4480?
2, 5, 7
What are the prime factors of 142?
2, 71
What are the prime factors of 7878?
2, 3, 13, 101
List the prime factors of 135.
3, 5
What are the prime factors of 9478?
2, 7, 677
What are the prime factors of 15647?
15647
What are the prime factors of 54862?
2, 27431
List the prime factors of 13806.
2, 3, 13, 59
What are the prime factors of 1157?
13, 89
List the prime factors of 35564.
2, 17, 523
What are the prime factors of 606?
2, 3, 101
List the prime factors of 1952.
2, 61
List the prime factors of 622.
2, 311
List the prime factors of 9043.
9043
List the prime factors of 2203.
2203
What are the prime factors of 73606?
2, 13, 19, 149
List the prime factors of 322.
2, 7, 23
List the prime factors of 1385.
5, 277
What are the prime factors of 1331?
11
List the prime factors of 507.
3, 13
What are the prime factors of 34871?
34871
List the prime factors of 973.
7, 139
List the prime factors of 37973.
13, 23, 127
What are the prime factors of 36204?
2, 3, 7, 431
List the prime factors of 1977.
3, 659
List the prime factors of 1061.
1061
List the prime factors of 369.
3, 41
List the prime factors of 222.
2, 3, 37
List the prime factors of 72516.
2, 3, 6043
List the prime factors of 66.
2, 3, 11
What are the prime factors of 1063?
1063
List the prime factors of 785.
5, 157
What are the prime factors of 12468?
2, 3, 1039
What are the prime factors of 147334?
2, 11, 37, 181
What are the prime factors of 175?
5, 7
List the prime factors of 3758.
2, 1879
List the prime factors of 476.
2, 7, 17
What are the prime factors of 4683?
3, 7, 223
What are the prime factors of 3146?
2, 11, 13
What are the prime factors of 1384?
2, 173
List the prime factors of 9603.
3, 11, 97
What are the prime factors of 20023?
20023
What are the prime factors of 19220?
2, 5, 31
List the prime factors of 1524.
2, 3, 127
List the prime factors of 18615.
3, 5, 17, 73
List the prime factors of 64244.
2, 16061
List the prime factors of 176664.
2, 3, 17, 433
List the prime factors of 5056.
2, 79
What are the prime factors of 536?
2, 67
List the prime factors of 19158.
2, 3, 31, 103
What are the prime factors of 7037?
31, 227
List the prime factors of 102946.
2, 51473
List the prime factors of 356.
2, 89
List the prime factors of 8.
2
List the prime factors of 166256.
2, 10391
List the prime factors of 5166.
2, 3, 7, 41
List the prime factors of 89758.
2, 44879
List the prime factors of 724.
2, 181
List the prime factors of 35369.
113, 313
What are the prime factors of 143482?
2, 71741
List the prime factors of 17521.
7, 2503
List the prime factors of 15229.
97, 157
What are the prime factors of 10055?
5, 2011
What are the prime factors of 44780?
2, 5, 2239
List the prime factors of 1515.
3, 5, 101
What are the prime factors of 81759?
3, 27253
What are the prime factors of 55113?
3, 18371
What are the prime factors of 59324?
2, 14831
List the prime factors of 2658.
2, 3, 443
List the prime factors of 47415.
3, 5, 29, 109
List the prime factors of 30786.
2, 3, 7, 733
What are the prime factors of 11562?
2, 3, 41, 47
List the prime factors of 1821.
3, 607
What are the prime factors of 15849?
3, 587
List the prime factors of 83.
83
List the prime factors of 10792.
2, 19, 71
What are the prime factors of 33199?
33199
What are the prime factors of 157?
157
What are the prime factors of 22?
2, 11
List the prime factors of 60848.
2, 3803
List the prime factors of 6429.
3, 2143
What are the prime factors of 641?
641
List the prime factors of 3011.
3011
List the prime factors of 123.
3, 41
List the prime factors of 10671.
3, 3557
List the prime factors of 842.
2, 421
List the prime factors of 751.
751
List the prime factors of 136447.
136447
What are the prime factors of 5781?
3, 41, 47
List the prime factors of 561.
3, 11, 17
List the prime factors of 2792.
2, 349
List the prime factors of 1718.
2, 859
List the prime factors of 4695.
3, 5, 313
List the prime factors of 155273.
23, 43, 157
What are the prime factors of 12518?
2, 11, 569
What are the prime factors of 107?
107
What are the prime factors of 877?
877
List the prime factors of 3708.
2, 3, 103
List the prime factors of 14485.
5, 2897
What are the prime factors of 13344?
2, 3, 139
List the prime factors of 26598.
2, 3, 11, 13, 31
What are the prime factors of 4272?
2, 3, 89
What are the prime factors of 388?
2, 97
List the prime factors of 32203.
32203
List the prime factors of 57919.
17, 3407
What are the prime factors of 2819?
2819
List the prime factors of 12993.
3, 61, 71
What are the prime factors of 617?
617
List the prime factors of 4738.
2, 23, 103
List the prime factors of 641.
641
What are the prime factors of 981?
3, 109
What are the prime factors of 79851?
3, 43, 619
What are the prime factors of 3718?
2, 11, 13
List the prime factors of 314.
2, 157
What are the prime factors of 923?
13, 71
What are the prime factors of 1103?
1103
What are the prime factors of 572?
2, 11, 13
List the prime factors of 2437.
2437
What are the prime factors of 18516?
2, 3, 1543
List the prime factors of 4255.
5, 23, 37
List the prime factors of 7202.
2, 13, 277
List the prime factors of 7897.
53, 149
What are the prime factors of 5981?
5981
List the prime factors of 9158.
2, 19, 241
List the prime factors of 1596.
2, 3, 7, 19
List the prime factors of 32162.
2, 13, 1237
What are the prime factors of 18429?
3, 6143
What are the prime factors of 16485?
3, 5, 7, 157
List the prime factors of 4081.
7, 11, 53
What are the prime factors of 2769?
3, 13, 71
List the prime factors of 4582.
2, 29, 79
List the prime factors of 2213.
2213
What are the prime factors of 4857?
3, 1619
List the prime factors of 7097.
47, 151
List the prime factors of 677.
677
List the prime factors of 192.
2, 3
What are the prime factors of 2989?
7, 61
What are the prime factors of 537?
3, 179
List the prime factors of 1730.
2, 5, 173
List the prime factors of 32870.
2, 5, 19, 173
List the prime factors of 3208.
2, 401
What are the prime factors of 39800?
2, 5, 199
What are the prime factors of 19845?
3, 5, 7
What are the prime factors of 1204?
2, 7, 43
What are the prime factors of 22578?
2, 3, 53, 71
What are the prime factors of 80404?
2, 20101
List the prime factors of 23976.
2, 3, 37
List the prime factors of 6709.
6709
What are the prime factors of 50920?
2, 5, 19, 67
List the prime factors of 22257.
3, 2473
What are the prime factors of 1673?
7, 239
List the prime factors of 5110.
2, 5, 7, 73
List the prime factors of 23827.
23827
List the prime factors of 124897.
124897
List the prime factors of 52308.
2, 3, 1453
What are the prime factors of 9760?
2, 5, 61
What are the prime factors of 19216?
2, 1201
List the prime factors of 157445.
5, 31489
What are the prime factors of 1198?
2, 599
What are the prime factors of 11259?
3, 139
List the prime factors of 1183.
7, 13
What are the prime factors of 502?
2, 251
What are the prime factors of 6240?
2, 3, 5, 13
What are the prime factors of 12?
2, 3
What are the prime factors of 796?
2, 199
What are the prime factors of 31482?
2, 3, 11, 53
List the prime factors of 66585.
3, 5, 23, 193
What are the prime factors of 698?
2, 349
What are the prime factors of 43518?
2, 3, 7253
List the prime factors of 71525.
5, 2861
What are the prime factors of 1704?
2, 3, 71
What are the prime factors of 68422?
2, 34211
List the prime factors of 170968.
2, 7, 43, 71
What are the prime factors of 140667?
3, 46889
What are the prime factors of 4669?
7, 2